{"id":12,"date":"2013-07-24T16:22:55","date_gmt":"2013-07-24T13:22:55","guid":{"rendered":"http:\/\/reuma.me\/?page_id=12"},"modified":"2020-04-18T10:54:20","modified_gmt":"2020-04-18T07:54:20","slug":"%d7%98%d7%99%d7%a4%d7%95%d7%9c-%d7%91%d7%9e%d7%95%d7%a1%d7%99%d7%a7%d7%94","status":"publish","type":"page","link":"http:\/\/reuma.me\/?page_id=12","title":{"rendered":"\u05d8\u05d9\u05e4\u05d5\u05dc \u05d1\u05d9\u05dc\u05d3\u05d9\u05dd \u05e2\u05dd \u05d1\u05e2\u05d9\u05d5\u05ea \u05d4\u05ea\u05e4\u05ea\u05d7\u05d5\u05ea"},"content":{"rendered":"<p><a href=\"https:\/\/hi-hyperlite.com\/collections\/led-high-bay-light\">High Bay Led Lighting<\/a>LED high bay lights can also be integrated into systems that are turned on when no one is there. &#8220;This will provide a low-cost, chemical-free and convenient method for disinfection in public, retail, personal and medical settings.&#8221;<\/p>\n<p>Easy to use LED lights online<\/p>\n<p>&nbsp;<\/p>\n<p>&nbsp;<\/p>\n<blockquote class=\"wp-embedded-content\" data-secret=\"TNP5eVJXmG\"><p><a href=\"http:\/\/fa-lak.hu\/services-view\/schematic-design\/\">Schematic design LED lights<\/a><\/p><\/blockquote>\n<p><iframe class=\"wp-embedded-content\" sandbox=\"allow-scripts\" security=\"restricted\" style=\"position: absolute; clip: rect(1px, 1px, 1px, 1px);\" src=\"http:\/\/fa-lak.hu\/services-view\/schematic-design\/embed\/#?secret=TNP5eVJXmG\" data-secret=\"TNP5eVJXmG\" width=\"600\" height=\"338\" title=\"&#8220;Schematic design LED lights&#8221; &#8212; K.V.FA-LAK KFT.\" frameborder=\"0\" marginwidth=\"0\" marginheight=\"0\" scrolling=\"no\"><\/iframe><\/p>\n<blockquote class=\"wp-embedded-content\" data-secret=\"02x0fSBzCc\"><p><a href=\"http:\/\/www.alsolitopostoristorante.it\/2019\/02\/10\/ciao-mondo\/\">Ciao mondo!<\/a><\/p><\/blockquote>\n<p><iframe class=\"wp-embedded-content\" sandbox=\"allow-scripts\" security=\"restricted\" style=\"position: absolute; clip: rect(1px, 1px, 1px, 1px);\" src=\"http:\/\/www.alsolitopostoristorante.it\/2019\/02\/10\/ciao-mondo\/embed\/#?secret=02x0fSBzCc\" data-secret=\"02x0fSBzCc\" width=\"600\" height=\"338\" title=\"&#8220;Ciao mondo!&#8221; &#8212; Al Solito Posto, Ristorante Pizzeria Ostuni dal 1999\" frameborder=\"0\" marginwidth=\"0\" marginheight=\"0\" scrolling=\"no\"><\/iframe><\/p>\n<blockquote class=\"wp-embedded-content\" data-secret=\"7u48x6NuI8\"><p><a href=\"http:\/\/www.reteosinord.it\/praticamente-musica\/\">PRATICAMENTE MUSICA Led Lighting<\/a><\/p><\/blockquote>\n<p><iframe class=\"wp-embedded-content\" sandbox=\"allow-scripts\" security=\"restricted\" style=\"position: absolute; clip: rect(1px, 1px, 1px, 1px);\" src=\"http:\/\/www.reteosinord.it\/praticamente-musica\/embed\/#?secret=7u48x6NuI8\" data-secret=\"7u48x6NuI8\" width=\"600\" height=\"338\" title=\"&#8220;PRATICAMENTE MUSICA Led Lighting&#8221; &#8212; HOME\" frameborder=\"0\" marginwidth=\"0\" marginheight=\"0\" scrolling=\"no\"><\/iframe><\/p>\n<blockquote class=\"wp-embedded-content\" data-secret=\"oA5T8X6wAG\"><p><a href=\"http:\/\/sonnisaki.com\/luu-y-khi-chon-son-lot-cho-cong-trinh\/\">L\u01b0u \u00fd khi ch\u1ecdn s\u01a1n l\u00f3t LED lamp<\/a><\/p><\/blockquote>\n<p><iframe class=\"wp-embedded-content\" sandbox=\"allow-scripts\" security=\"restricted\" style=\"position: absolute; clip: rect(1px, 1px, 1px, 1px);\" src=\"http:\/\/sonnisaki.com\/luu-y-khi-chon-son-lot-cho-cong-trinh\/embed\/#?secret=oA5T8X6wAG\" data-secret=\"oA5T8X6wAG\" width=\"600\" height=\"338\" title=\"&#8220;L\u01b0u \u00fd khi ch\u1ecdn s\u01a1n l\u00f3t LED lamp&#8221; &#8212; C\u00d4NG TY TNHH OPECSON UY T\u00cdN CH\u1ea4T L\u01af\u1ee2NG T\u1ea0I H\u00c0 N\u1ed8I\" frameborder=\"0\" marginwidth=\"0\" marginheight=\"0\" scrolling=\"no\"><\/iframe><\/p>\n<p>&nbsp;<\/p>\n<p>&nbsp;<\/p>\n","protected":false},"excerpt":{"rendered":"<p>High Bay Led LightingLED high bay lights can also be integrated into systems that are turned on when no one is there. &#8220;This will provide a low-cost, chemical-free and convenient method for disinfection in public, retail, personal and medical settings.&#8221;&hellip;<\/p>\n<p class=\"more-link-p\"><a class=\"more-link\" href=\"http:\/\/reuma.me\/?page_id=12\">Read more &rarr;<\/a><\/p>\n","protected":false},"author":1,"featured_media":0,"parent":0,"menu_order":1,"comment_status":"open","ping_status":"open","template":"","meta":[],"_links":{"self":[{"href":"http:\/\/reuma.me\/index.php?rest_route=\/wp\/v2\/pages\/12"}],"collection":[{"href":"http:\/\/reuma.me\/index.php?rest_route=\/wp\/v2\/pages"}],"about":[{"href":"http:\/\/reuma.me\/index.php?rest_route=\/wp\/v2\/types\/page"}],"author":[{"embeddable":true,"href":"http:\/\/reuma.me\/index.php?rest_route=\/wp\/v2\/users\/1"}],"replies":[{"embeddable":true,"href":"http:\/\/reuma.me\/index.php?rest_route=%2Fwp%2Fv2%2Fcomments&post=12"}],"version-history":[{"count":16,"href":"http:\/\/reuma.me\/index.php?rest_route=\/wp\/v2\/pages\/12\/revisions"}],"predecessor-version":[{"id":136,"href":"http:\/\/reuma.me\/index.php?rest_route=\/wp\/v2\/pages\/12\/revisions\/136"}],"wp:attachment":[{"href":"http:\/\/reuma.me\/index.php?rest_route=%2Fwp%2Fv2%2Fmedia&parent=12"}],"curies":[{"name":"wp","href":"https:\/\/api.w.org\/{rel}","templated":true}]}}